{"id":323,"date":"2021-12-15T08:58:58","date_gmt":"2021-12-15T07:58:58","guid":{"rendered":"http:\/\/nzozkruszyna.pl\/?page_id=323"},"modified":"2023-07-25T21:22:13","modified_gmt":"2023-07-25T19:22:13","slug":"harmonogram-pracy","status":"publish","type":"page","link":"http:\/\/nzozkruszyna.pl\/index.php\/harmonogram-pracy\/","title":{"rendered":"Harmonogram pracy"},"content":{"rendered":"<div class=\"nicepage-container\"><div class=\"\" style=\"\" >        <script>\n            (function ($) {\n                var ResponsiveCms = window.ResponsiveCms;\n                if (!ResponsiveCms) {\n                    return;\n                }\n                ResponsiveCms.contentDom = $('script:last').parent();\n                ResponsiveCms.prevMode = \"MD\";\n\n                if (typeof ResponsiveCms.recalcClasses === 'function') {\n                    ResponsiveCms.recalcClasses();\n                }\n            })(jQuery);\n        <\/script>\n        \n    \n    <section class=\"u-align-left u-clearfix u-section-2\" id=\"carousel_ab58\">\n      <div class=\"u-clearfix u-sheet u-valign-middle u-sheet-1\">\n        <blockquote class=\"u-border-20 u-border-custom-color-3 u-custom-font u-heading-font u-indent-39 u-text u-text-default u-text-1\">\n          <span class=\"u-text-black\" style=\"font-size: 2.25rem;\"><b>HARMONOGRAM\nPRACY<\/b><b>NZOZ\nPRZYCHODNI LEKARSKIEJ W KRUSZYNIE<\/b>\n          <\/span><b>\n            <span class=\"u-text-black\" style=\"font-size: 2.25rem;\">PODSTAWOWA\nOPIEKA ZDROWOTNA<\/span><\/b>\n        <\/blockquote>\n      <\/div>\n    <\/section>\n    <section class=\"u-align-center-xs u-clearfix u-section-3\" id=\"carousel_f605\">\n      <div class=\"u-clearfix u-sheet u-sheet-1\">\n        <div class=\"u-clearfix u-expanded-width u-gutter-26 u-layout-wrap u-layout-wrap-1\">\n          <div class=\"u-gutter-0 u-layout\">\n            <div class=\"u-layout-row\">\n              <div class=\"u-align-center u-container-style u-layout-cell u-palette-2-light-3 u-size-20 u-layout-cell-1\" data-animation-name=\"zoomIn\" data-animation-duration=\"1000\" data-animation-delay=\"0\" data-animation-direction=\"\">\n                <div class=\"u-container-layout u-container-layout-1\">\n                  <div class=\"u-container-style u-expanded-width u-group u-palette-1-base u-shape-rectangle u-group-1\">\n                    <div class=\"u-container-layout u-valign-middle u-container-layout-2\">\n                      <h4 class=\"u-align-center u-text u-text-1\"><u>Lekarz\nRodzinny przyjmuje:<\/u>\n                      <\/h4>\n                    <\/div>\n                  <\/div>\n                  <p class=\"u-custom-font u-font-open-sans u-text u-text-2\">\n                    <span style=\"font-weight: 700;\"><\/span><b>Od\nponiedzia\u0142ku do pi\u0105tku od 8:00-16:30<\/b>\n                  <\/p>\n                <\/div>\n              <\/div>\n              <div class=\"u-align-center u-container-style u-layout-cell u-palette-4-light-3 u-size-20 u-layout-cell-2\" data-animation-name=\"zoomIn\" data-animation-duration=\"1000\" data-animation-delay=\"0\" data-animation-direction=\"\">\n                <div class=\"u-container-layout u-container-layout-3\">\n                  <div class=\"u-container-style u-expanded-width u-group u-palette-1-base u-shape-rectangle u-group-2\">\n                    <div class=\"u-container-layout u-valign-middle u-container-layout-4\">\n                      <h4 class=\"u-align-center u-text u-text-3\"><u>Wizyty\ndomowe lekarza rodzinnego:<\/u>\n                      <\/h4>\n                    <\/div>\n                  <\/div>\n                  <p class=\"u-custom-font u-font-open-sans u-text u-text-4\"><b>Od\nponiedzia\u0142ku do pi\u0105tku  w godzinach<\/b><b>12:00-13:00\n    oraz    16:30-18:00<\/b>\n                  <\/p>\n                <\/div>\n              <\/div>\n              <div class=\"u-align-center u-container-style u-layout-cell u-palette-1-light-3 u-size-20 u-layout-cell-3\" data-animation-name=\"zoomIn\" data-animation-duration=\"1000\" data-animation-delay=\"0\" data-animation-direction=\"\">\n                <div class=\"u-container-layout u-container-layout-5\">\n                  <div class=\"u-align-center u-container-style u-expanded-width u-group u-palette-1-base u-shape-rectangle u-group-3\">\n                    <div class=\"u-container-layout u-valign-top u-container-layout-6\">\n                      <h4 class=\"u-text u-text-5\"><u>Lekarz\nPediatra przyjmuje:<\/u>\n                      <\/h4>\n                    <\/div>\n                  <\/div>\n                  <p class=\"u-custom-font u-font-open-sans u-text u-text-6\"><b>Pi\u0105tek\n 8:00-11:00<\/b>\n                  <\/p>\n                <\/div>\n              <\/div>\n            <\/div>\n          <\/div>\n        <\/div>\n      <\/div>\n    <\/section>\n    <section class=\"u-align-center-xs u-clearfix u-section-4\" id=\"carousel_5934\">\n      <div class=\"u-clearfix u-sheet u-sheet-1\">\n        <div class=\"u-clearfix u-expanded-width u-gutter-26 u-layout-wrap u-layout-wrap-1\">\n          <div class=\"u-gutter-0 u-layout\">\n            <div class=\"u-layout-row\">\n              <div class=\"u-align-center u-container-style u-layout-cell u-palette-2-light-3 u-size-20 u-layout-cell-1\" data-animation-name=\"zoomIn\" data-animation-duration=\"1000\" data-animation-delay=\"0\" data-animation-direction=\"\">\n                <div class=\"u-container-layout u-container-layout-1\">\n                  <div class=\"u-container-style u-expanded-width u-group u-palette-1-base u-shape-rectangle u-group-1\">\n                    <div class=\"u-container-layout u-valign-middle u-container-layout-2\">\n                      <h4 class=\"u-align-center u-text u-text-1\"><u>Szczepienia\ni bilanse:<\/u>\n                      <\/h4>\n                    <\/div>\n                  <\/div>\n                  <p class=\"u-custom-font u-font-open-sans u-text u-text-2\">\n                    <span style=\"font-weight: 700;\"><\/span><b>Poniedzia\u0142ek\n14:00-15:00<\/b>&nbsp;<br><b>Wtorek\n8:00-9:30<\/b>&nbsp;<br><b>Pi\u0105tek\n8:00-9:30<\/b>\n                  <\/p>\n                <\/div>\n              <\/div>\n              <div class=\"u-align-center u-container-style u-layout-cell u-palette-4-light-3 u-size-20 u-layout-cell-2\" data-animation-name=\"zoomIn\" data-animation-duration=\"1000\" data-animation-delay=\"0\" data-animation-direction=\"\">\n                <div class=\"u-container-layout u-container-layout-3\">\n                  <div class=\"u-container-style u-expanded-width u-group u-palette-1-base u-shape-rectangle u-group-2\">\n                    <div class=\"u-container-layout u-valign-middle u-container-layout-4\">\n                      <h4 class=\"u-align-center u-text u-text-3\"><u>Wizyty\npatrona\u017cowe:<\/u>\n                      <\/h4>\n                    <\/div>\n                  <\/div>\n                  <p class=\"u-custom-font u-font-open-sans u-text u-text-4\"><b>Pi\u0105tek\n10:00-11:00<\/b>\n                  <\/p>\n                <\/div>\n              <\/div>\n              <div class=\"u-align-center u-container-style u-layout-cell u-palette-1-light-3 u-size-20 u-layout-cell-3\" data-animation-name=\"zoomIn\" data-animation-duration=\"1000\" data-animation-delay=\"0\" data-animation-direction=\"\">\n                <div class=\"u-container-layout u-container-layout-5\">\n                  <div class=\"u-align-center u-container-style u-expanded-width u-group u-palette-1-base u-shape-rectangle u-group-3\">\n                    <div class=\"u-container-layout u-valign-top u-container-layout-6\">\n                      <h4 class=\"u-text u-text-5\"><u>Badanie\nUSG:<\/u>\n                      <\/h4>\n                    <\/div>\n                  <\/div>\n                  <p class=\"u-custom-font u-font-open-sans u-text u-text-6\"><b>Czwartek 8:00-10:00<\/b>\n                  <\/p>\n                <\/div>\n              <\/div>\n            <\/div>\n          <\/div>\n        <\/div>\n      <\/div>\n    <\/section>\n    <section class=\"u-align-center-xs u-clearfix u-section-5\" id=\"carousel_78fa\">\n      <div class=\"u-clearfix u-sheet u-sheet-1\">\n        <div class=\"u-clearfix u-expanded-width u-gutter-26 u-layout-wrap u-layout-wrap-1\">\n          <div class=\"u-gutter-0 u-layout\">\n            <div class=\"u-layout-row\">\n              <div class=\"u-align-center u-container-style u-layout-cell u-palette-2-light-3 u-size-20 u-layout-cell-1\" data-animation-name=\"zoomIn\" data-animation-duration=\"1000\" data-animation-delay=\"0\" data-animation-direction=\"\">\n                <div class=\"u-container-layout u-container-layout-1\">\n                  <div class=\"u-container-style u-expanded-width u-group u-palette-1-base u-shape-rectangle u-group-1\">\n                    <div class=\"u-container-layout u-valign-middle u-container-layout-2\">\n                      <h4 class=\"u-align-center u-text u-text-1\"><u>Badanie\nRTG:<\/u>\n                      <\/h4>\n                    <\/div>\n                  <\/div>\n                  <p class=\"u-custom-font u-font-open-sans u-text u-text-2\">\n                    <span style=\"font-weight: 700;\"><\/span><b>poniedzia\u0142ek 15:00-18:00<\/b>\n                    <br><b>Wtorek 9:00-13:00<\/b>\n                    <br><b>\u015aroda 15:00-18:00<\/b>\n                    <br><b>Czwartek 15:00-18:00<\/b>\n                  <\/p>\n                <\/div>\n              <\/div>\n              <div class=\"u-align-center u-container-style u-layout-cell u-palette-4-light-3 u-size-20 u-layout-cell-2\" data-animation-name=\"zoomIn\" data-animation-duration=\"1000\" data-animation-delay=\"0\" data-animation-direction=\"\">\n                <div class=\"u-container-layout u-container-layout-3\">\n                  <div class=\"u-container-style u-expanded-width u-group u-palette-1-base u-shape-rectangle u-group-2\">\n                    <div class=\"u-container-layout u-valign-middle u-container-layout-4\">\n                      <h4 class=\"u-align-center u-text u-text-3\"><u>Punkt\npobra\u0144 czynny:<\/u>\n                      <\/h4>\n                    <\/div>\n                  <\/div>\n                  <p class=\"u-custom-font u-font-open-sans u-text u-text-4\"><b>Poniedzia\u0142ek\n8:00-11:00<\/b>&nbsp;<br><b>Czwartek\n8:00-10:00<\/b>\n                  <\/p>\n                <\/div>\n              <\/div>\n              <div class=\"u-align-center u-container-style u-layout-cell u-palette-1-light-3 u-size-20 u-layout-cell-3\" data-animation-name=\"zoomIn\" data-animation-duration=\"1000\" data-animation-delay=\"0\" data-animation-direction=\"\">\n                <div class=\"u-container-layout u-container-layout-5\">\n                  <div class=\"u-align-center u-container-style u-expanded-width u-group u-palette-1-base u-shape-rectangle u-group-3\">\n                    <div class=\"u-container-layout u-valign-top u-container-layout-6\">\n                      <h4 class=\"u-text u-text-5\"><u>Gabinet\nzabiegowy czynny:<\/u>\n                      <\/h4>\n                    <\/div>\n                  <\/div>\n                  <p class=\"u-custom-font u-font-open-sans u-text u-text-6\"><b>Od\nponiedzia\u0142ku do pi\u0105tku od 9:00-17:00<\/b>\n                  <\/p>\n                <\/div>\n              <\/div>\n            <\/div>\n          <\/div>\n        <\/div>\n      <\/div>\n    <\/section>\n    <section class=\"u-align-center-xs u-clearfix u-section-6\" id=\"carousel_1b62\">\n      <div class=\"u-clearfix u-sheet u-sheet-1\">\n        <div class=\"u-clearfix u-expanded-width u-gutter-26 u-layout-wrap u-layout-wrap-1\">\n          <div class=\"u-gutter-0 u-layout\">\n            <div class=\"u-layout-row\">\n              <div class=\"u-container-style u-layout-cell u-palette-2-light-3 u-size-15 u-layout-cell-1\">\n                <div class=\"u-container-layout u-container-layout-1\">\n                  <div class=\"u-container-style u-expanded-width-lg u-expanded-width-xl u-group u-palette-1-base u-shape-rectangle u-group-1\">\n                    <div class=\"u-container-layout u-valign-bottom u-container-layout-2\">\n                      <h4 class=\"u-align-center u-text u-text-1\"><u>Gabinet\nPiel\u0119gniarki \u015brodowiskowej:<\/u>\n                      <\/h4>\n                    <\/div>\n                  <\/div>\n                  <p class=\"u-custom-font u-font-open-sans u-text u-text-2\"><b>Od\nponiedzia\u0142ku do pi\u0105tku od 11:00-13:00<\/b>\n                  <\/p>\n                <\/div>\n              <\/div>\n              <div class=\"u-container-style u-layout-cell u-palette-4-light-3 u-size-15 u-layout-cell-2\">\n                <div class=\"u-container-layout u-container-layout-3\">\n                  <div class=\"u-container-style u-expanded-width-lg u-expanded-width-xl u-group u-palette-1-base u-shape-rectangle u-group-2\">\n                    <div class=\"u-container-layout u-valign-middle u-container-layout-4\">\n                      <h4 class=\"u-align-center u-text u-text-3\"><u>Wizyty\ndomowe Piel\u0119gniarki \u015brodowiskowej<\/u>\n                      <\/h4>\n                    <\/div>\n                  <\/div>\n                  <p class=\"u-custom-font u-font-open-sans u-text u-text-4\"><b>Poniedzia\u0142ek\n8:00-12:00<\/b>\n                    <br><b>Wtorek\n11:00-15:00<\/b>&nbsp;<br><b>\u015aroda\n11:00-15:00<\/b>\n                    <br><b>Czwartek\n8:00-12:00<\/b>\n                    <br><b>Pi\u0105tek\n11:00-15:00<\/b>\n                  <\/p>\n                <\/div>\n              <\/div>\n              <div class=\"u-container-style u-layout-cell u-palette-1-light-3 u-size-15 u-layout-cell-3\">\n                <div class=\"u-container-layout u-container-layout-5\">\n                  <div class=\"u-container-style u-expanded-width u-group u-palette-1-base u-shape-rectangle u-group-3\">\n                    <div class=\"u-container-layout u-valign-top u-container-layout-6\">\n                      <h4 class=\"u-align-center u-text u-text-5\"><u>Gabinet\nPo\u0142o\u017cnej \u015brodowiskowej<\/u>\n                      <\/h4>\n                    <\/div>\n                  <\/div>\n                  <p class=\"u-custom-font u-font-open-sans u-text u-text-6\"><b>Poniedzia\u0142ek\n8:00-10:00<\/b>\n                    <br><b>Wtorek\n11:30-13:00<\/b>&nbsp;<br><b>\u015aroda\n8:00-10:00<\/b>&nbsp;<br><b>Czwartek\n11:30-13:00<\/b>\n                    <br><b>Pi\u0105tek\n11:30-13:00<\/b>\n                  <\/p>\n                <\/div>\n              <\/div>\n              <div class=\"u-container-style u-layout-cell u-palette-2-light-3 u-size-15 u-layout-cell-4\">\n                <div class=\"u-container-layout u-container-layout-7\">\n                  <div class=\"u-container-style u-expanded-width u-group u-palette-1-base u-shape-rectangle u-group-4\" data-animation-name=\"fadeIn\" data-animation-duration=\"1000\" data-animation-delay=\"0\">\n                    <div class=\"u-container-layout u-valign-top u-container-layout-8\">\n                      <h4 class=\"u-align-center u-text u-text-7\"><u>Wizyty\ndomowe Po\u0142o\u017cnej \u015brodowiskowej:<\/u>\n                      <\/h4>\n                    <\/div>\n                  <\/div>\n                  <p class=\"u-custom-font u-font-open-sans u-text u-text-8\"><b>Poniedzia\u0142ek\n12:00-15:00<\/b>\n                    <br><b>Wtorek\n13:00-17:00<\/b>&nbsp;<br><b>\u015aroda\n12:00-15:00&nbsp;<\/b>\n                    <br><b>Czwartek\n13:00-17:00&nbsp;<\/b>\n                    <br><b>Pi\u0105tek\n13:00-17:00<\/b>\n                  <\/p>\n                <\/div>\n              <\/div>\n            <\/div>\n          <\/div>\n        <\/div>\n      <\/div>\n    <\/section>\n    <section class=\"skrollable u-clearfix u-image u-parallax u-section-7\" id=\"sec-c570\" data-image-width=\"2560\" data-image-height=\"1213\" style=\"background-image: url(&quot;http:\/\/nzozkruszyna.pl\/wp-content\/uploads\/2020\/12\/recepcja-scaled.jpg&quot;);\">\n      <div class=\"u-clearfix u-sheet u-sheet-1\">\n        <div class=\"u-container-style u-expanded-width-xs u-group u-opacity u-opacity-75 u-palette-1-base u-shape-rectangle u-group-1\" data-animation-name=\"slideIn\" data-animation-duration=\"1000\" data-animation-delay=\"0\" data-animation-direction=\"Left\">\n          <div class=\"u-container-layout u-valign-top u-container-layout-1\">\n            <p class=\"u-custom-font u-font-open-sans u-text u-text-1\">\n              <span style=\"font-weight: 700;\">Zg\u0142aszanie <\/span>\n              <span style=\"font-weight: 700;\" class=\"u-text-palette-3-base\">wizyt domowych do Lekarza<\/span> odbywa si\u0119 w godzinach rejestracji<font color=\"#ff0000\">&nbsp;<\/font>\n              <span class=\"u-text-palette-3-base\" style=\"font-weight: 700;\">od 8.00 do 15.00<\/span>&nbsp;osobi\u015bcie lub telefonicznie, wizyty realizowane s\u0105 w dniu\nzg\u0142oszenia lub w dniu uzgodnionym z pacjentem.&nbsp;<br>\n              <br>\n              <span style=\"font-weight: 700;\">Zg\u0142aszanie <span class=\"u-text-palette-3-base\">wizyt domowych do Po\u0142o\u017cnej i Piel\u0119gniarki \u015brodowiskowej<\/span>\n              <\/span> codziennie <span class=\"u-text-palette-3-base\" style=\"font-weight: 700;\">od 8.00 do 15.00<\/span>\n              <br>\n              <br>\n              <span class=\"u-text-palette-3-base\" style=\"font-weight: 700;\">Profilaktyka - rejestracja\nz wyprzedzeniem<\/span>, pacjenci s\u0105 wzywani w ramach konkretnych program\u00f3w.&nbsp;<br>\n              <br>Programy, pogadanki w ramach promocji zdrowia odbywaj\u0105 si\u0119 w\nkonkretnej tematyce. Nasza Przychodnia chce wyj\u015b\u0107 naprzeciw Pa\u0144stwa\npotrzebom, dlatego prosimy zainteresowanych zg\u0142asza\u0107 zar\u00f3wno ch\u0119\u0107\nuczestnictwa jak i interesuj\u0105ce Pa\u0144stwa tematy. Spotkania odb\u0119d\u0105 si\u0119\nw ustalonych wcze\u015bniej terminach.&nbsp;<br>\n              <br><b>\n                <span class=\"u-text-palette-3-base\">Wizyty\nplanowane<\/span> -<\/b> ustalane s\u0105 podczas pierwszej wizyty u lekarza jako kontynuacja leczenia<br>\n              <br><b>\n                <span class=\"u-text-palette-3-base\">Wizyty\npilne<\/span> -<\/b> s\u0105 realizowane w przypadku pogorszenia stanu zdrowia pacjenta w dniu\nzg\u0142oszenia lub dnia nast\u0119pnego z zachowaniem 24 godzin od chwili\nzg\u0142oszenia.&nbsp;<br>\n              <br><b>\n                <span class=\"u-text-palette-3-base\">Wizyty\nnag\u0142e<\/span> -<\/b> to sytuacje, kiedy pacjent zg\u0142asza si\u0119 do przychodni z silnym\nb\u00f3lem, czy urazem lub gwa\u0142townym pogorszeniem stanu zdrowia.\nZostaje on przyj\u0119ty w trybie natychmiastowym.<br>\n            <\/p>\n          <\/div>\n        <\/div>\n      <\/div>\n    <\/section>\n    <section class=\"u-align-center-xs u-clearfix u-section-8\" id=\"carousel_deda\">\n      <div class=\"u-clearfix u-sheet u-sheet-1\">\n        <div class=\"u-clearfix u-expanded-width u-gutter-26 u-layout-wrap u-layout-wrap-1\">\n          <div class=\"u-gutter-0 u-layout\">\n            <div class=\"u-layout-row\">\n              <div class=\"u-container-style u-layout-cell u-palette-2-light-3 u-size-15 u-layout-cell-1\">\n                <div class=\"u-container-layout u-container-layout-1\">\n                  <div class=\"u-container-style u-expanded-width u-group u-palette-1-base u-shape-rectangle u-group-1\">\n                    <div class=\"u-container-layout u-valign-bottom u-container-layout-2\">\n                      <h4 class=\"u-align-center u-text u-text-1\"> Wypisywanie\nrecept<\/h4>\n                    <\/div>\n                  <\/div>\n                  <p class=\"u-custom-font u-font-open-sans u-text u-text-2\"><b>zg\u0142oszenia\ncodziennie od 11:00-13:00<\/b>\n                  <\/p>\n                <\/div>\n              <\/div>\n              <div class=\"u-container-style u-layout-cell u-palette-4-light-3 u-size-15 u-layout-cell-2\">\n                <div class=\"u-container-layout u-container-layout-3\">\n                  <div class=\"u-container-style u-expanded-width u-group u-palette-1-base u-shape-rectangle u-group-2\">\n                    <div class=\"u-container-layout u-valign-middle u-container-layout-4\">\n                      <h4 class=\"u-align-center u-text u-text-3\"><u>Teleporada\nLekarza Rodzinnego<\/u>\n                      <\/h4>\n                    <\/div>\n                  <\/div>\n                  <p class=\"u-custom-font u-font-open-sans u-text u-text-4\"><b>pacjenci\nmog\u0105 uzyska\u0107 codziennie w godzinach od 11:00-16:00.<\/b>\n                  <\/p>\n                <\/div>\n              <\/div>\n              <div class=\"u-container-style u-layout-cell u-palette-1-light-3 u-size-15 u-layout-cell-3\">\n                <div class=\"u-container-layout u-container-layout-5\">\n                  <div class=\"u-container-style u-expanded-width u-group u-palette-1-base u-shape-rectangle u-group-3\">\n                    <div class=\"u-container-layout u-valign-top u-container-layout-6\">\n                      <h4 class=\"u-align-center u-text u-text-5\"><u>Teleporada\nPiel\u0119gniarska<\/u>\n                      <\/h4>\n                    <\/div>\n                  <\/div>\n                  <p class=\"u-custom-font u-font-open-sans u-text u-text-6\"><b>pacjenci\nmog\u0105 uzyska\u0107<\/b>\n                    <br><b>Poniedzia\u0142ek\n8:00-9:00<\/b>\n                    <br><b>Wtorek\n11:00-12:00<\/b>\n                    <br><b>\u015aroda\n11:00-12:00<\/b>\n                    <br><b>Czwartek\n8:00-9:00<\/b>&nbsp;<br><b>Pi\u0105tek\n11:00-12:00<\/b>\n                  <\/p>\n                <\/div>\n              <\/div>\n              <div class=\"u-container-style u-layout-cell u-palette-2-light-3 u-size-15 u-layout-cell-4\">\n                <div class=\"u-container-layout u-container-layout-7\">\n                  <div class=\"u-container-style u-expanded-width u-group u-palette-1-base u-shape-rectangle u-group-4\" data-animation-name=\"fadeIn\" data-animation-duration=\"1000\" data-animation-delay=\"0\">\n                    <div class=\"u-container-layout u-valign-top u-container-layout-8\">\n                      <h4 class=\"u-align-center u-text u-text-7\"><u>Teleporada\nPo\u0142o\u017cnej<\/u>\n                      <\/h4>\n                    <\/div>\n                  <\/div>\n                  <p class=\"u-custom-font u-font-open-sans u-text u-text-8\"><b>Poniedzia\u0142ek\n9:00-10:00<\/b>\n                    <br><b>Wtorek\n12:00-13:00<\/b>&nbsp;<br><b>\u015aroda\n9:00-10:00<\/b>\n                    <br><b>Czwartek\n12:00-13:00<\/b>\n                    <br><b>Pi\u0105tek\n12:00-13:00<\/b>\n                  <\/p>\n                <\/div>\n              <\/div>\n            <\/div>\n          <\/div>\n        <\/div>\n      <\/div>\n    <\/section>\n    <section class=\"skrollable u-clearfix u-image u-parallax u-section-9\" id=\"carousel_abf4\" data-image-width=\"1920\" data-image-height=\"1440\" style=\"background-image: url(&quot;http:\/\/nzozkruszyna.pl\/wp-content\/uploads\/2020\/12\/gabinet3-1.jpg&quot;);\">\n      <div class=\"u-clearfix u-sheet u-sheet-1\">\n        <div class=\"u-container-style u-expanded-width-xs u-group u-opacity u-opacity-75 u-palette-1-base u-shape-rectangle u-group-1\" data-animation-name=\"slideIn\" data-animation-duration=\"1000\" data-animation-delay=\"0\" data-animation-direction=\"Left\">\n          <div class=\"u-container-layout u-container-layout-1\">\n            <p class=\"u-text u-text-1\">\n              <span style=\"font-size: 1.5rem;\"><u><b>SK\u0141ADANIE\nSKARG LUB WNIOSK\u00d3W<\/b><\/u>\n              <\/span>\n              <br>\n              <br><b>Pacjent\nmo\u017ce wnie\u015b\u0107 skarg\u0119 w zakresie :<\/b>\n              <br>\n            <\/p>\n            <ul class=\"u-text u-text-2\">\n              <li>&nbsp;naruszenia\n\tpraw pacjenta&nbsp;<\/li>\n              <li>&nbsp;sposobu\n\ti jako\u015bci udzielania \u015bwiadcze\u0144 zdrowotnych&nbsp;<\/li>\n              <li>&nbsp;odmowy\n\tudzielenia \u015bwiadczenia zdrowotnego&nbsp;<\/li>\n              <li>&nbsp;zachowania\n\tpersonelu medycznego tj.: lekarza, piel\u0119gniarki lub pracownika\n\trejestracji&nbsp;<\/li>\n              <li>&nbsp;w\n\tzakresie ulepszenia i organizacji pracy w zakresie udzielania przez\n\tporadni\u0119 \u015bwiadcze\u0144 zdrowotnych<\/li>\n            <\/ul>\n            <p class=\"u-custom-font u-heading-font u-text u-text-3\">Skargi\nlub wnioski przyjmowane s\u0105 przez Kierownika Poradni lub personel \nrejestracji\nw formie ustnej i\npisemnej. <br>\n              <br>Kierownik\nPoradni przyjmuje skargi w czwartki w <b>godz.\n12:00-13:00.<\/b>\n              <br>\n            <\/p>\n          <\/div>\n        <\/div>\n      <\/div>\n    <\/section>\n    <section class=\"u-clearfix u-grey-5 u-section-10\" id=\"sec-4b73\">\n      <div class=\"u-clearfix u-sheet u-sheet-1\">\n        <h3 class=\"u-align-center u-custom-font u-font-open-sans u-text u-text-custom-color-1 u-text-default u-text-1\" data-animation-name=\"slideIn\" data-animation-duration=\"1000\" data-animation-delay=\"0\" data-animation-direction=\"Left\">DZIA\u0141ALNO\u015a\u0106 PROWADZONA W RAMACH KONTRAKTU<br>Z NARODOWYM FUNDUSZEM ZDROWIA\n        <\/h3>\n        <img decoding=\"async\" src=\"http:\/\/nzozkruszyna.pl\/wp-content\/uploads\/2020\/12\/logo.png\" alt=\"\" class=\"u-align-center u-image u-image-default u-image-1\" data-image-width=\"600\" data-image-height=\"222\" data-animation-name=\"slideIn\" data-animation-duration=\"1000\" data-animation-delay=\"0\" data-animation-direction=\"Right\">\n      <\/div>\n    <\/section>\n    \n    \n    \n    \n  \n<\/div><\/div>","protected":false},"excerpt":{"rendered":"<p>HARMONOGRAM PRACYNZOZ PRZYCHODNI LEKARSKIEJ W KRUSZYNIE PODSTAWOWA OPIEKA ZDROWOTNA Lekarz Rodzinny przyjmuje: Od poniedzia\u0142ku do pi\u0105tku od 8:00-16:30 Wizyty domowe lekarza rodzinnego: Od poniedzia\u0142ku do&hellip;<\/p>\n","protected":false},"author":1,"featured_media":0,"parent":0,"menu_order":0,"comment_status":"closed","ping_status":"closed","template":"","meta":{"footnotes":""},"class_list":["post-323","page","type-page","status-publish","hentry"],"aioseo_notices":[],"_links":{"self":[{"href":"http:\/\/nzozkruszyna.pl\/index.php\/wp-json\/wp\/v2\/pages\/323","targetHints":{"allow":["GET"]}}],"collection":[{"href":"http:\/\/nzozkruszyna.pl\/index.php\/wp-json\/wp\/v2\/pages"}],"about":[{"href":"http:\/\/nzozkruszyna.pl\/index.php\/wp-json\/wp\/v2\/types\/page"}],"author":[{"embeddable":true,"href":"http:\/\/nzozkruszyna.pl\/index.php\/wp-json\/wp\/v2\/users\/1"}],"replies":[{"embeddable":true,"href":"http:\/\/nzozkruszyna.pl\/index.php\/wp-json\/wp\/v2\/comments?post=323"}],"version-history":[{"count":26,"href":"http:\/\/nzozkruszyna.pl\/index.php\/wp-json\/wp\/v2\/pages\/323\/revisions"}],"predecessor-version":[{"id":663,"href":"http:\/\/nzozkruszyna.pl\/index.php\/wp-json\/wp\/v2\/pages\/323\/revisions\/663"}],"wp:attachment":[{"href":"http:\/\/nzozkruszyna.pl\/index.php\/wp-json\/wp\/v2\/media?parent=323"}],"curies":[{"name":"wp","href":"https:\/\/api.w.org\/{rel}","templated":true}]}}